 - 12. Let s be m(-9). Let f be (6 - (-3)/3)*12/s. Calculate the highest common factor of f and 10.
2
Let v be (-4)/(-48)*-8*(2*5292)/(-2). What is the highest common divisor of v and 36?
36
Let y(p) = p**3 + 8*p**2 - 12*p + 13. Let w be y(-7). Let u = w - 104. Let b = u + -18. What is the greatest common factor of b and 8?
8
Let b be 4/(-8) - 28215/(-30). Let k = b - 598. Calculate the greatest common factor of 27 and k.
9
Let l be 7178/14 - (-2)/7. Let d(n) = -30*n**2 + 416*n + 94. Let c be d(14). Calculate the highest common divisor of c and l.
19
Suppose -185*v = -91*v - 93*v - 2209. What is the greatest common divisor of v and 94?
47
Let p = -8411 - -8453. Calculate the greatest common divisor of p and 567.
21
Let n(m) = m**3 - 8*m**2 - 7*m - 11. Let j be n(9). Suppose -j*q = -135 - 117. What is the highest common factor of 4 and q?
4
Let r(v) = v**3 - 20*v**2 + 58*v - 847. Let l be r(25). Calculate the greatest common divisor of l and 32.
16
Suppose 40*i - 542752 = 220128. What is the greatest common divisor of i and 128?
128
Let h = 63 - 59. Suppose -2*o = -3*r + 10, -o + 2 = h*r + 2*o. Suppose 4*x + 5*l - 26 = 224, 4*x = r*l + 236. What is the greatest common divisor of 24 and x?
12
Let p = 144 + 279. Let l = -3715 - -3762. Calculate the highest common factor of p and l.
47
Let a be 8*(-4)/(-176) - (-436)/22. What is the highest common divisor of 245 and a?
5
Let y(n) = 138*n - 11758. Let v be y(91). What is the greatest common divisor of 7520 and v?
160
Suppose 3*k + 2*f - f = 153, 5*k - f = 255. Suppose q + 17 = 2*q. Let v be ((-5)/(-1))/(1/q). Calculate the highest common divisor of v and k.
17
Let h(s) = -s**2 - 32*s - 30. Let x be h(-29). Let r = x + -53. What is the greatest common divisor of r and 2?
2
Let k be (0 + -1)/((-4)/(-28)). Let m be (-208)/40*(k + 2). What is the highest common divisor of m and 208?
26
Let a(r) = r**2 + 9*r + 16. Let p be a(-7). Let h be (6/(-4) - 4)*p*-3. What is the greatest common factor of 110 and h?
11
Suppose 2*y - y = 90. Let h(k) = k - 2 - 10 + 20 + 15. Let x be h(-5). What is the greatest common factor of y and x?
18
Suppose 2*q + 5*w - 784 = 0, 2*q - 74161 = 5*w - 73577. Suppose 2*b - 76 = -0*b. Calculate the highest common divisor of b and q.
38
Let u = -582 + 586. Let h be 54 + 9 + -10 + u. Calculate the highest common divisor of h and 247.
19
Let t be (323/5 - -1) + 10/25. What is the greatest common divisor of t and 3498?
66
Let q(b) be the second derivative of b**5/5 - b**4/12 + b**3/3 - 3*b**2 - 56*b. Let y be q(2). What is the highest common divisor of y and 52?
26
Suppose 8 = -2*w + 4*x, x = -2*w - 135 + 152. Suppose -5*v - 5*t + 610 = 0, 0 = 2*t - 1 + 7. Let b = v + -83. What is the highest common factor of b and w?
6
Let o = -2 - -3. Let i(s) = -5*s**2 - 26*s - 20. Let j be (3*24/(-45))/((-4)/(-10)). Let f be i(j). What is the greatest common factor of o and f?
1
Let k = 151 - 135. Suppose 7*l - k - 348 = 0. Suppose 9*w - 29 - 7 = 0. What is the greatest common divisor of l and w?
4
Let f = -17 - -15. Let g be ((0 - -97)*f)/(-1). Suppose 0 = g*i - 189*i - 50. Calculate the highest common factor of 10 and i.
10
Let o = 306 + -302. Let b be o*-14*(-4)/8. What is the greatest common factor of 14 and b?
14
Let i(u) = 42*u**2 - u + 2. Let c be i(1). Suppose 3*k - 17 - c = 0. Let l be ((-8)/(-5))/(2/125). Calculate the greatest common factor of l and k.
20
Let f(a) = a**3 - 7*a**2 - 7*a - 10. Let b be f(8). Let y be ((-15)/b + -4)*12. What is the highest common divisor of 42 and y?
42
Let u(s) = -2*s + 8*s**3 + s + 4*s**2 + 13 - 17. Let o be u(-3). Let i = o + 311. What is the highest common factor of i and 52?
26
Let o be 4*(3 - 66/(-8)). Suppose 5*i - 11*i = -228. Let g = o - i. What is the greatest common divisor of g and 35?
7
Let o(f) = -f**3 - 3*f**2 + 4*f + 2. Let x be o(-4). Suppose x*y + 3*y - 40 = 0. Let n be 44 - 700/28 - 11. Calculate the highest common factor of y and n.
8
Let u(c) = c**3 - 14*c**2 + 9*c + 52. Let m be u(13). Suppose 6*b - 7*b + 10 = m. Calculate the greatest common divisor of 270 and b.
10
Let p = -201 + 377. Suppose 0 = -t + 2*w - 134, 3 + 13 = 4*w. Let k = t - -170. Calculate the greatest common factor of k and p.
44
Let g(p) = p**3 + 9*p**2 - 29*p - 22. Let k be g(11). What is the highest common divisor of k and 66?
33
Let c be (-364)/(-10) - (16 - (-936)/(-60)). Calculate the highest common factor of c and 5931.
9
Suppose -h - 3*h = -820. Let v(l) = l**3 + 14*l**2 - 59*l - 131. Let z be v(-17). What is the greatest common factor of z and h?
5
Let w = 5704 - 5651. What is the highest common divisor of 583 and w?
53
Let m(x) = x**2 - 7*x - 8. Let p be m(8). Suppose -13*j - 18 = -19*j. Suppose 4*n = -b - p*b + 12, -j = -3*n. What is the greatest common divisor of 56 and b?
8
Suppose 0 = -4*g - 5*q + 326, -3*g + 3*q + 254 = 2*q. Let z be (72/(-28))/((-18)/g). What is the greatest common factor of 36 and z?
12
Let h(w) = -13*w + 25 + 4*w - 31*w**2 + 32*w**2. Let t be h(9). Calculate the highest common factor of t and 125.
25
Let u(d) = -8*d**2 - 561*d + 236. Let o be u(-70). What is the highest common factor of 2 and o?
2
Let m be (-3833 + 108)/(1/(-6)*1). What is the highest common divisor of 150 and m?
150
Suppose 7 - 3 = 2*m. Suppose -l + 114 = m*l. Let q = l - 29. What is the highest common divisor of 99 and q?
9
Let j = 52839 - 28299. What is the greatest common factor of j and 36?
12
Let s = -29 + 40. Let l(h) = -4*h**3 - 15*h**2 + h + 67. Let x be l(-5). Calculate the highest common factor of x and s.
11
Let p(r) = r**3 - 3*r**2 - 4*r - 3. Let v be p(4). Let l be 1442/8 + v/12. Let d = 722818 + -722798. Calculate the highest common factor of l and d.
20
Suppose -35910 = -244*z - 41*z. Calculate the highest common factor of z and 4326.
42
Suppose -218 = -4*y - 2*q, -5*y = -2*y - 2*q - 181. Calculate the greatest common divisor of y and 1824.
57
Suppose -470 = 10*o - 2570. Calculate the greatest common factor of o and 90.
30
Suppose 203 - 201 = -d. Let j be 5*-1 + (36 - (-8 - d)). Let q = -871 - -1278. What is the highest common factor of j and q?
37
Suppose -2*n + 4*p + 1068 = 0, -p = -n - 3*n + 2157. Let q = 67509 + -67464. What is the highest common divisor of n and q?
45
Suppose -3 = -3*y + 9. Suppose -x + 30 = y*x. Suppose 3*o - 2*o - 5*m = 32, m + 4 = 0. What is the highest common factor of x and o?
6
Suppose 40 = -0*g + 2*g. Suppose -1275 = 43*d - 4285. Let i be d/(-14 - -7)*-1. Calculate the greatest common factor of g and i.
10
Let c = -155 - -164. Let z be 207 - (8 - (c - -5)). Calculate the greatest common divisor of z and 284.
71
Let v = -1513 + 1546. Let r = 178 - -185. Calculate the highest common divisor of v and r.
33
Let s(i) = i + 24. Let a be s(-10). Let w = -5 + a. Suppose 0 = -6*g + w*g - 9. Calculate the greatest common divisor of g and 27.
3
Let t = 18575 - 17990. What is the highest common factor of 130 and t?
65
Let y = 115 - 110. Suppose 6*u = u - 2*c - 840, -3*u - 505 = c. Let f be u/(-6) - y/(-3). What is the highest common divisor of f and 20?
10
Let y = -51 - -113. Let b be (3/(-25))/(1/(-5))*-15. Let a be (-3)/b + 2784/18. Calculate the greatest common divisor of y and a.
31
Let k = 573 + -561. Let u be (-11*8/(-264))/(2/96). What is the highest common divisor of k and u?
4
Let a = 339 + -312. Let s be (0 - 8)/(-1) + -3. Suppose 0 = -s*q + n + 20, -5*n - 16 = q + 2*q. Calculate the highest common divisor of a and q.
3
Suppose t + 3*v - 1172 = 0, 4*t - 41*v + 36*v = 4790. What is the highest common divisor of t and 280?
70
Suppose 3*f + 87*d - 90*d - 17745 = 0, -2*f - 2*d + 11830 = 0. What is the greatest common divisor of 7 and f?
7
Suppose -3*z + 2*z + 87 = 0. Suppose -156*o = -7965 - 14655. What is the greatest common divisor of o and z?
29
Suppose -218*g + 197*g = -17304. Calculate the highest common factor of g and 515.
103
Let k = -7509 + 7609. What is the highest common factor of k and 1030?
10
Let h(m) = 256*m**3 - 6*m - m**2 - 14 - 127*m**3 - 128*m**3. Let f be h(7). Calculate the greatest common divisor of 34 and f.
34
Suppose 581 = -28*g + 21. Let l be (4/6)/((g/(-885))/2). Calculate the greatest common factor of l and 295.
59
Let i = -30 - -38. Let c = -36 + 33. Let y be 48/(c/(-9)*2). Calculate the greatest